{"id":30536,"date":"2025-01-22T14:07:20","date_gmt":"2025-01-22T13:07:20","guid":{"rendered":"https:\/\/www.koreanskin.ch\/?page_id=30536"},"modified":"2025-05-21T17:54:21","modified_gmt":"2025-05-21T15:54:21","slug":"radiofrequence-coreenne-a-aiguille","status":"publish","type":"page","link":"https:\/\/www.koreanskin.ch\/fr\/soins-de-la-peau-lasers\/radiofrequence-coreenne-a-aiguille\/","title":{"rendered":"Radiofr\u00e9quence cor\u00e9enne \u00e0 aiguille"},"content":{"rendered":"<h3>Technologie<\/h3>\n<p>Une fine aiguille d\u00e9livre de l&rsquo;\u00e9nergie par radiofr\u00e9quence de mani\u00e8re pr\u00e9cise dans la peau, ciblant les glandes s\u00e9bac\u00e9es sans endommager l&rsquo;\u00e9piderme. Ce traitement permet de traiter l&rsquo;acn\u00e9, de r\u00e9duire les cicatrices et de pr\u00e9venir les r\u00e9cidives.<\/p>\n<p><img loading=\"lazy\" decoding=\"async\" class=\"aligncenter wp-image-30558 \" src=\"https:\/\/www.koreanskin.ch\/wp-content\/uploads\/2025\/01\/Korean-Radiofrequency-Needle.png\" alt=\"Korean Radiofrequency Needle\" width=\"1007\" height=\"428\" srcset=\"https:\/\/www.koreanskin.ch\/wp-content\/uploads\/2025\/01\/Korean-Radiofrequency-Needle.png 1936w, https:\/\/www.koreanskin.ch\/wp-content\/uploads\/2025\/01\/Korean-Radiofrequency-Needle-300x128.png 300w, https:\/\/www.koreanskin.ch\/wp-content\/uploads\/2025\/01\/Korean-Radiofrequency-Needle-1024x435.png 1024w, https:\/\/www.koreanskin.ch\/wp-content\/uploads\/2025\/01\/Korean-Radiofrequency-Needle-768x326.png 768w, https:\/\/www.koreanskin.ch\/wp-content\/uploads\/2025\/01\/Korean-Radiofrequency-Needle-1536x653.png 1536w\" sizes=\"auto, (max-width: 1007px) 100vw, 1007px\" \/><\/p>\n<h3>Zones trait\u00e9es et principales indications<\/h3>\n<p>L&rsquo;aiguille de radiofr\u00e9quence est id\u00e9ale pour traiter\u202f:<\/p>\n<ul>\n<li>L&rsquo;acn\u00e9 active principalement<\/li>\n<li>Les cicatrices d&rsquo;acn\u00e9<\/li>\n<li>Les rides profondes<\/li>\n<li>Le rel\u00e2chement cutan\u00e9 dans les zones \u00e9troites et sensibles (p. ex., sous les yeux, autour de la bouche, sur le front).<\/li>\n<\/ul>\n<h3>Avantages<\/h3>\n<ul>\n<li>R\u00e9sultats visibles en quelques jours<\/li>\n<li>Convient \u00e0 tous les types de peau<\/li>\n<li>R\u00e9cup\u00e9ration rapide<\/li>\n<li>Non invasif<\/li>\n<li>R\u00e9duction des imperfections et un teint plus uniforme.<\/li>\n<\/ul>\n<h3>D\u00e9tails de la proc\u00e9dure<\/h3>\n<h4>Avant le traitement<\/h4>\n<ul>\n<li>\u00c9vitez l&rsquo;exposition prolong\u00e9e au soleil ou les traitements exfoliants au moins une semaine avant le traitement.<\/li>\n<li>Assurez-vous que la peau soit propre et exempte d&rsquo;irritants.<\/li>\n<li>N&rsquo;appliquez pas de cr\u00e8mes actives (telles que celles contenant des r\u00e9tino\u00efdes ou de l&rsquo;acide glycolique) 48 heures avant le traitement.<\/li>\n<\/ul>\n<h4>Pendant le traitement<\/h4>\n<ul>\n<li>Application d&rsquo;une cr\u00e8me anesth\u00e9siante pendant 10 minutes. Le traitement consiste \u00e0 utiliser une aiguille qui p\u00e9n\u00e8tre dans la peau tout en d\u00e9livrant de la radiofr\u00e9quence, stimulant ainsi la production de collag\u00e8ne et d&rsquo;\u00e9lastine, d\u00e9truisant de mani\u00e8re s\u00e9lective les glandes s\u00e9bac\u00e9es, traitant fondamentalement l&rsquo;acn\u00e9 active et pr\u00e9venant les r\u00e9cidives.<\/li>\n<li>Chaque s\u00e9ance dure environ 15 \u00e0 30 minutes. La proc\u00e9dure est g\u00e9n\u00e9ralement bien tol\u00e9r\u00e9e, mais une l\u00e9g\u00e8re sensation de chaleur peut \u00eatre ressentie.<\/li>\n<\/ul>\n<h4>Apr\u00e8s le traitement<\/h4>\n<ul>\n<li>Une l\u00e9g\u00e8re rougeur ou un gonflement peut persister pendant 24 \u00e0 48 heures apr\u00e8s la s\u00e9ance.<\/li>\n<li>\u00c9vitez l&rsquo;exposition au soleil et les produits exfoliants durant les premiers jours suivant le traitement.<\/li>\n<li>Aucun maquillage ne doit \u00eatre appliqu\u00e9 pendant 24 heures.<\/li>\n<\/ul>\n<h3>Contre-indications<\/h3>\n<ul>\n<li>Grossesse<\/li>\n<li>Affections cutan\u00e9es aigu\u00ebs (ecz\u00e9ma, herp\u00e8s actif, etc.)<\/li>\n<li>Maladies auto-immunes de la peau<\/li>\n<\/ul>\n<h3>Complications<\/h3>\n<ul>\n<li>L\u00e9ger gonflement ou rougeur temporaire.<\/li>\n<li>Risque rare de petites ecchymoses ou de cicatrices en cas de non-respect des soins post-traitement.<\/li>\n<\/ul>\n<h3>Traitements combinables avec l&rsquo;aiguille de radiofr\u00e9quence<\/h3>\n<p>Pour des r\u00e9sultats am\u00e9lior\u00e9s, les traitements par aiguille de radiofr\u00e9quence peuvent \u00eatre combin\u00e9s avec\u202f:<\/p>\n<ul>\n<li>Radiofr\u00e9quence par microneedling<\/li>\n<li>Cercle de radiofr\u00e9quence<\/li>\n<li>Th\u00e9rapie aux exosomes.<\/li>\n<\/ul>\n","protected":false},"excerpt":{"rendered":"<p>Technologie Une fine aiguille d\u00e9livre de l&rsquo;\u00e9nergie par radiofr\u00e9quence de mani\u00e8re pr\u00e9cise dans la peau, ciblant les glandes s\u00e9bac\u00e9es sans endommager l&rsquo;\u00e9piderme. Ce traitement permet de traiter l&rsquo;acn\u00e9, de r\u00e9duire les cicatrices et de pr\u00e9venir les r\u00e9cidives. Zones trait\u00e9es et principales indications L&rsquo;aiguille de radiofr\u00e9quence est id\u00e9ale pour traiter\u202f: L&rsquo;acn\u00e9 active principalement Les cicatrices d&rsquo;acn\u00e9 [&hellip;]<\/p>\n","protected":false},"author":1,"featured_media":0,"parent":29496,"menu_order":24,"comment_status":"closed","ping_status":"closed","template":"","meta":{"_acf_changed":false,"footnotes":""},"class_list":["post-30536","page","type-page","status-publish","hentry"],"acf":[],"_links":{"self":[{"href":"https:\/\/www.koreanskin.ch\/fr\/wp-json\/wp\/v2\/pages\/30536","targetHints":{"allow":["GET"]}}],"collection":[{"href":"https:\/\/www.koreanskin.ch\/fr\/wp-json\/wp\/v2\/pages"}],"about":[{"href":"https:\/\/www.koreanskin.ch\/fr\/wp-json\/wp\/v2\/types\/page"}],"author":[{"embeddable":true,"href":"https:\/\/www.koreanskin.ch\/fr\/wp-json\/wp\/v2\/users\/1"}],"replies":[{"embeddable":true,"href":"https:\/\/www.koreanskin.ch\/fr\/wp-json\/wp\/v2\/comments?post=30536"}],"version-history":[{"count":5,"href":"https:\/\/www.koreanskin.ch\/fr\/wp-json\/wp\/v2\/pages\/30536\/revisions"}],"predecessor-version":[{"id":30698,"href":"https:\/\/www.koreanskin.ch\/fr\/wp-json\/wp\/v2\/pages\/30536\/revisions\/30698"}],"up":[{"embeddable":true,"href":"https:\/\/www.koreanskin.ch\/fr\/wp-json\/wp\/v2\/pages\/29496"}],"wp:attachment":[{"href":"https:\/\/www.koreanskin.ch\/fr\/wp-json\/wp\/v2\/media?parent=30536"}],"curies":[{"name":"wp","href":"https:\/\/api.w.org\/{rel}","templated":true}]}}

Radiofréquence coréenne à aiguille

<h3>Technologie</h3>
<p>Une fine aiguille délivre de l&rsquo;énergie par radiofréquence de manière précise dans la peau, ciblant les glandes sébacées sans endommager l&rsquo;épiderme. Ce traitement permet de traiter l&rsquo;acné, de réduire les cicatrices et de prévenir les récidives.</p>
<p><img loading="lazy" decoding="async" class="aligncenter wp-image-30558 " src="https://www.koreanskin.ch/wp-content/uploads/2025/01/Korean-Radiofrequency-Needle.png" alt="Korean Radiofrequency Needle" width="1007" height="428" srcset="https://www.koreanskin.ch/wp-content/uploads/2025/01/Korean-Radiofrequency-Needle.png 1936w, https://www.koreanskin.ch/wp-content/uploads/2025/01/Korean-Radiofrequency-Needle-300x128.png 300w, https://www.koreanskin.ch/wp-content/uploads/2025/01/Korean-Radiofrequency-Needle-1024x435.png 1024w, https://www.koreanskin.ch/wp-content/uploads/2025/01/Korean-Radiofrequency-Needle-768x326.png 768w, https://www.koreanskin.ch/wp-content/uploads/2025/01/Korean-Radiofrequency-Needle-1536x653.png 1536w" sizes="auto, (max-width: 1007px) 100vw, 1007px" /></p>
<h3>Zones traitées et principales indications</h3>
<p>L&rsquo;aiguille de radiofréquence est idéale pour traiter :</p>
<ul>
<li>L&rsquo;acné active principalement</li>
<li>Les cicatrices d&rsquo;acné</li>
<li>Les rides profondes</li>
<li>Le relâchement cutané dans les zones étroites et sensibles (p. ex., sous les yeux, autour de la bouche, sur le front).</li>
</ul>
<h3>Avantages</h3>
<ul>
<li>Résultats visibles en quelques jours</li>
<li>Convient à tous les types de peau</li>
<li>Récupération rapide</li>
<li>Non invasif</li>
<li>Réduction des imperfections et un teint plus uniforme.</li>
</ul>
<h3>Détails de la procédure</h3>
<h4>Avant le traitement</h4>
<ul>
<li>Évitez l&rsquo;exposition prolongée au soleil ou les traitements exfoliants au moins une semaine avant le traitement.</li>
<li>Assurez-vous que la peau soit propre et exempte d&rsquo;irritants.</li>
<li>N&rsquo;appliquez pas de crèmes actives (telles que celles contenant des rétinoïdes ou de l&rsquo;acide glycolique) 48 heures avant le traitement.</li>
</ul>
<h4>Pendant le traitement</h4>
<ul>
<li>Application d&rsquo;une crème anesthésiante pendant 10 minutes. Le traitement consiste à utiliser une aiguille qui pénètre dans la peau tout en délivrant de la radiofréquence, stimulant ainsi la production de collagène et d&rsquo;élastine, détruisant de manière sélective les glandes sébacées, traitant fondamentalement l&rsquo;acné active et prévenant les récidives.</li>
<li>Chaque séance dure environ 15 à 30 minutes. La procédure est généralement bien tolérée, mais une légère sensation de chaleur peut être ressentie.</li>
</ul>
<h4>Après le traitement</h4>
<ul>
<li>Une légère rougeur ou un gonflement peut persister pendant 24 à 48 heures après la séance.</li>
<li>Évitez l&rsquo;exposition au soleil et les produits exfoliants durant les premiers jours suivant le traitement.</li>
<li>Aucun maquillage ne doit être appliqué pendant 24 heures.</li>
</ul>
<h3>Contre-indications</h3>
<ul>
<li>Grossesse</li>
<li>Affections cutanées aiguës (eczéma, herpès actif, etc.)</li>
<li>Maladies auto-immunes de la peau</li>
</ul>
<h3>Complications</h3>
<ul>
<li>Léger gonflement ou rougeur temporaire.</li>
<li>Risque rare de petites ecchymoses ou de cicatrices en cas de non-respect des soins post-traitement.</li>
</ul>
<h3>Traitements combinables avec l&rsquo;aiguille de radiofréquence</h3>
<p>Pour des résultats améliorés, les traitements par aiguille de radiofréquence peuvent être combinés avec :</p>
<ul>
<li>Radiofréquence par microneedling</li>
<li>Cercle de radiofréquence</li>
<li>Thérapie aux exosomes.</li>
</ul>

<p>Technologie Une fine aiguille délivre de l&rsquo;énergie par radiofréquence de manière précise dans la peau, ciblant les glandes sébacées sans endommager l&rsquo;épiderme. Ce traitement permet de traiter l&rsquo;acné, de réduire les cicatrices et de prévenir les récidives. Zones traitées et principales indications L&rsquo;aiguille de radiofréquence est idéale pour traiter : L&rsquo;acné active principalement Les cicatrices d&rsquo;acné [&hellip;]</p>
